12?
22100
In base 10, what is -38 + 264?
226
In base 15, what is -1e + -1?
-20
In base 15, what is 10e + -19?
e5
In base 8, what is -5 - 147?
-154
In base 16, what is -3 - 49?
-4c
In base 6, what is 134 - 1?
133
In base 12, what is 22 + 2b?
51
In base 12, what is -3 + -159?
-160
In base 7, what is -2562 + -3?
-2565
In base 4, what is -111 - 12?
-123
In base 9, what is -21 + -43?
-64
In base 13, what is 132 + 5?
137
In base 13, what is 69a7 - 1?
69a6
In base 13, what is 37 + -1a6?
-16c
In base 5, what is -233 + 4?
-224
In base 14, what is -18 + 11?
-7
In base 12, what is 0 - 6a3?
-6a3
In base 9, what is 5 - -167?
173
In base 11, what is -2 - -625?
623
In base 2, what is 10 - -11111100?
11111110
In base 2, what is 110011011 - -11?
110011110
In base 4, what is -210 + 11?
-133
In base 5, what is 422 + 10?
432
In base 14, what is 2 + -29?
-27
In base 10, what is -9892 + 4?
-9888
In base 10, what is 3 + 3691?
3694
In base 11, what is 0 + -87?
-87
In base 2, what is -1 + 1101010?
1101001
In base 15, what is 1 + 34c?
34d
In base 15, what is -3e + -8?
-47
In base 7, what is 0 - -2312?
2312
In base 14, what is -3 + 125?
122
In base 4, what is 3 + 2311?
2320
In base 5, what is -2 - -133?
131
In base 7, what is -102 - -3?
-66
In base 2, what is -110 - 11010100000?
-11010100110
In base 2, what is -1010 - -11?
-111
In base 10, what is 5 - 1997?
-1992
In base 12, what is -228b4 + -5?
-228b9
In base 11, what is 3464 + -1?
3463
In base 15, what is 2dc - 6?
2d6
In base 15, what is -9c - 4?
-a1
In base 13, what is -a6c0 + -4?
-a6c4
In base 13, what is 5 - 107?
-102
In base 6, what is -10 - -2?
-4
In base 15, what is 1c - 3b?
-1e
In base 16, what is 4 + -ed?
-e9
In base 6, what is 4 + 3010?
3014
In base 3, what is 2212002 - 11?
2211221
In base 10, what is -2 + 73?
71
In base 11, what is -73 + 3?
-70
In base 10, what is -1073 + 5?
-1068
In base 3, what is -1012120 + 1?
-1012112
In base 9, what is -63 - -20?
-43
In base 6, what is 0 + 2143?
2143
In base 3, what is -1 - 110000?
-110001
In base 9, what is 14 - -1?
15
In base 3, what is 1 + -12000?
-11222
In base 5, what is 3 - -30444?
31002
In base 2, what is 1111011 + 101?
10000000
In base 13, what is -7a3 - -10?
-793
In base 14, what is -4 - -78?
74
In base 10, what is -10 - 1?
-11
In base 8, what is 10 + 700?
710
In base 3, what is -2022 - -12?
-2010
In base 14, what is 126 - -8?
130
In base 10, what is -1043 - 0?
-1043
In base 4, what is -20233 + -11?
-20310
In base 5, what is -2 - -141?
134
In base 7, what is 12 + -465?
-453
In base 9, what is -216 + 7?
-208
In base 3, what is 10 - 1022220?
-1022210
In base 6, what is 30120 + 1?
30121
In base 8, what is -62 - -2?
-60
In base 6, what is -2 + -231?
-233
In base 3, what is 11 - 21000121?
-21000110
In base 10, what is 1 - 292?
-291
In base 15, what is 3 + 96?
99
In base 16, what is -2 + ce5?
ce3
In base 7, what is -14643 - -2?
-14641
In base 4, what is -3201 - -113?
-3022
In base 8, what is 33 - -15?
50
In base 2, what is 10 - -110110?
111000
In base 3, what is 121002 - -12?
121021
In base 9, what is 30 + 0?
30
In base 12, what is 5 - -1436?
143b
In base 16, what is 55 - -4?
59
In base 13, what is 6 - -7?
10
In base 10, what is -91 - -3?
-88
In base 6, what is 121215 - 5?
121210
In base 10, what is -8 - -185?
177
In base 7, what is 103 + 43?
146
In base 4, what is -11 + 2?
-3
In base 5, what is 14 - 14?
0
In base 16, what is -4e8 + 4?
-4e4
In base 15, what is -1d + -2?
-20
In base 9, what is -70 - -35?
-34
In base 2, what is 110101001 + -11001?
110010000
In base 7, what is -5 + -251?
-256
In base 13, what is 3 + 1008?
100b
In base 7, what is 321 - 15?
303
In base 13, what is 141 - -2a?
16b
In base 15, what is -17 - 177?
-18e
In base 8, what is 10 + 30?
40
In base 9, what is 4 + 1135?
1140
In base 14, what is 0 + -1?
-1
In base 12, what is 7b - 4?
77
In base 8, what is -353 - 5?
-360
In base 16, what is -6 - -44?
3e
In base 5, what is -3 - 110?
-113
In base 9, what is -36644 - 3?
-36647
In base 3, what is 100112202 + -2?
100112200
In base 7, what is 1 + 3046?
3050
In base 7, what is 5 - 550?
-542
In base 14, what is 1 + 204?
205
In base 5, what is -12 + -422?
-434
In base 11, what is 2 - 1?
1
In base 7, what is -2 + 324?
322
In base 15, what is d - -16c?
17a
In base 13, what is 3389 - 5?
3384
In base 6, what is 12 + 12?
24
In base 3, what is -1201 + -122?
-2100
In base 5, what is -200 - 304?
-1004
In base 4, what is -3 - 1230302?
-1230311
In base 12, what is 0 - 1189?
-1189
In base 3, what is 12 - 12101?
-12012
In base 9, what is 7 - -125?
133
In base 3, what is -1221 - -222000?
220002
In base 12, what is -4 - 47?
-4b
In base 11, what is 5 - -a?
14
In base 16, what is 2 - -1d?
1f
In base 6, what is 0 + 202?
202
In base 14, what is a + 4?
10
In base 2, what is 111001101001 - 101?
111001100100
In base 6, what is 1145 - -1?
1150
In base 7, what is 2 - -140?
142
In base 12, what is -32 - 231?
-263
In base 2, what is -10 - 1100001100?
-1100001110
In base 16, what is ff - 4?
fb
In base 5, what is 442 - -10?
1002
In base 16, what is 1 + b2?
b3
In base 6, what is -200322 - -4?
-200314
In base 6, what is 101 - -10?
111
In base 6, what is 12222 + -1?
12221
In base 10, what is 19 + -40?
-21
In base 16, what is -32 + 0?
-32
In base 16, what is 89 - -4?
8d
In base 15, what is 2 - -4d?
50
In base 3, what is -120 - 101?
-221
In base 16, what is 0 - 2e3?
-2e3
In base 16, what is b - -e4?
ef
In base 7, what is 20451 - 3?
20445
In base 13, what is 0 + 134?
134
In base 6, what is 104 - -5?
113
In base 9, what is -2 - 331?
-333
In base 4, what is -1101 - -1010?
-31
In base 11, what is 457 - -1?
458
In base 7, what is 2 + -55?
-53
In base 3, what is -12 + 20220022?
20220010
In base 4, what is 330 - 10?
320
In base 10, what is 30480 + -2?
30478
In base 8, what is 15 - -177?
214
In base 8, what is 34 - 7?
25
In base 12, what is -a75 - 0?
-a75
In base 7, what is 10044 + -5?
10036
In base 3, what is 111 + 2201?
10012
In base 9, what is 7 - -61?
68
In base 9, what is 5165 - 3?
5162
In base 11, what is -68 + -2?
-6a
In base 12, what is -30 - 1?
-31
In base 8, what is 14011 + -4?
14005
In base 6, what is -5 - -1322?
1313
In base 14, what is -2 - 111?
-113
In base 14, what is -4 - 43?
-47
In base 5, what is 2 - -102024?
102031
In base 13, what is -1c + 4?
-18
In base 15, what is -1897 + 2?
-1895
In base 2, what is 10011011001 + 101?
10011011110
In base 12, what is -4 - -104?
100
In base 6, what is 5 + -114?
-105
In base 8, what is -157 - -12?
-145
In base 14, what is 0 + -81?
-81
In base 8, what is -10326 + 2?
-10324
In base 9, what is 1 - 0?
1
In base 11, what is 5 - -64?
69
In base 2, what is 1011110 + -1001111?
1111
In base 13, what is -1c9 + b?
-1bb
In base 4, what is -100113103 + 0?
-100113103
In base 14, what is -a7 - -5?
-a2
In base 5, what is 20200 - 1?
20144
In base 13, what is -19 - -50?
34
In base 15, what is 5 - 1c?
-17
In base 16, what is -4c8 - -3?
-4c5
In base 14, what is 2268 - -5?
226d
In base 14, what is -3 - 5d9?
-5dc
In base 2, what is 10111 - -1110?
100101
In base 6, what is 21 + -13?
4
In base 3, what is 1102 + 1?
1110
In base 6, what is -5 + -120?
-125
In base 3, what is 2 + -1212?
-1210
In base 3, what is -21102 + 2211?
-11121
In base 10, what is 56 - 2?
54
In base 11, what is 3008 + 0?
3008
In base 13, what is -4a7 - -6?
-4a1
In base 15, what is 1 + -48b?
-48a
In base 2, what is 11 + -1101101?
-1101010
In base 5, what is -43430 - 4?
-43434
In base 4, what is -110 - -1003?
233
In base 12, what is 5 - -205?
20a
In base 3, what is 20 + -2102120?
-2102100
In base 4, what is 23012 + 11?
23023
In base 14, what is -36 - b?
-43
In base 16, what is d5 - -4e?
123
In base 5, what is -10202 - 2?
-10204
In base 7, what is -12 - -45?
33
In base 2, what is -10111 + 100?
-10011
In base 13, what is 337 + 5?
33c
In base 11, what is 49 + -54?
-6
In base 16, what is 2a1 + 9?
2aa
In base 11, what is 476 + 1?
477
In base 5, what is 4 - -31?
40
In base 15, what is 4 + -83e?
-83a
In base 12, what is 5 + 2043?
2048
In base 12, what is 3 - 69?
-66
In base 4, what is 0 + -30100?
-30100
In base 6, what is -4022 - 11?
-4033
In base 6, what is -113 - -102?
-11
In base 12, what is -155b - 0?
-155b
In base 14, what is 4 - 40?
-3a
In base 4, what is -10 - -2203?
2133
In base 15, what is -56c + -4?
